a(u).
-5
Let n = 8 + -6. Let y(c) be the third derivative of 0*c + 0 - 1/24*c**4 - 1/6*c**3 + n*c**2. Calculate y(4).
-5
Let t(u) = -5 + 3 + 8 + 6*u - 2. What is t(-4)?
-20
Let m(z) = -z**3 + 10*z**2 + 2*z - 9. Let g = 50 + -40. Give m(g).
11
Suppose -4*j - 8 - 8 = 0. Let v(o) be the second derivative of 0 + o + 1/4*o**4 - 5/2*o**2 - 1/2*o**3 + 1/20*o**5. Calculate v(j).
-9
Let a(u) = 8*u - 1 - 5*u - 5. Give a(5).
9
Let q(t) be the first derivative of t**3/3 + 5*t**2/2 - 2*t + 25. Give q(-5).
-2
Let i(m) = 2*m - 2. Let h be i(2). Let x(g) = -g**2 + 5*g - 3. Determine x(h).
3
Let a = -14 - -9. Let w(k) = -4*k**2 + 6*k - k - k**3 - k - k - 5. Give w(a).
5
Let w(a) = 3*a**2 - 9*a + 1. Let k(v) be the first derivative of v**3/3 - v**2/2 + v + 3. Let d(q) = -4*k(q) + w(q). Determine d(-6).
-9
Let c(q) = -2*q + 5. Let t = -3 - -9. What is c(t)?
-7
Let u(s) = s**2 + 5*s. Let b(w) = -w**3 - 3*w**2 + 7*w + 6. Let i be b(-4). Determine u(i).
6
Suppose 2*p - 5*c - 31 = 0, 4*p + c = 2*c + 17. Let q(w) = w**3 - 2*w**2 - 2*w - 1. What is q(p)?
2
Let k(y) be the first derivative of -y**4/4 + y**3 + 7*y**2/2 - 2. What is k(5)?
-15
Suppose 6 - 36 = 5*l. Let v = -3 - l. Let q(u) = 2 + u + 0 - 5. Give q(v).
0
Let n(l) = -2*l - 4. Let t be (-6)/6 + 2*-2. Calculate n(t).
6
Let f(y) = -y + 7. Let r be ((-24)/(-48))/(1/(-2)). Let n(o) = 9*o**2 - 4. Let z(g) = 8*g**2 - 3. Let v(s) = 2*n(s) - 3*z(s). Let a be v(r). Calculate f(a).
12
Let h(y) = -4*y - 36. Let m be h(-9). Let w(i) = -i - 4. Calculate w(m).
-4
Let p be -3 + (6*-1)/3. Let f(z) = -z**2 - 3*z + 6. Calculate f(p).
-4
Let a(x) be the first derivative of -x**3/3 - 5*x**2 - 5*x - 1. Let h(t) = -t**2 - 9*t - 5. Let g(n) = 3*a(n) - 4*h(n). Let k = -9 + 4. Give g(k).
0
Suppose 24 = 7*h - h. Let g(d) = 7*d**3 - 15*d**2 + 9*d + 1. Let s(u) = 4*u**3 - 8*u**2 + 5*u. Let k(q) = -3*g(q) + 5*s(q). Determine k(h).
5
Let t(c) = -c**3 + 4*c**2 + 3*c - 5. Let f = 21 + -13. Suppose -o + f = o. What is t(o)?
7
Let t = -12 - -14. Let m(q) = -3 - 1 + 6*q**2 - 2*q**t - 3*q**2. Let l = 2 - 6. Give m(l).
12
Let h(q) be the third derivative of q**5/60 + q**4/6 + q**3/2 - 12*q**2. Give h(-3).
0
Let g(n) = -2*n - 2*n**2 - 2*n**2 + 2*n**3 + 3 + 2*n**2. Suppose 3*b = -7 + 67. Let h = b + -18. Give g(h).
7
Suppose -5*k + 4 = -7*k. Let c(v) = -2*v**2 + 2. Determine c(k).
-6
Let k(v) be the third derivative of v**5/60 + v**4/24 - v**3/3 + 27*v**2. Give k(0).
-2
Let t = 39 + -40. Let d(q) be the third derivative of -q**5/10 - q**2. Give d(t).
-6
Let i = -7 - -4. Let b(w) = -w**2 - 3*w + 1. Let v be b(-3). Let l(t) = -4*t + 0*t - 1 - 2*t**2 + v. Determine l(i).
-6
Let s = 5 + 3. Let h(l) = -l**3 + 9*l**2 - 9*l + 5. Determine h(s).
-3
Let c(q) = q**3 + 5*q**2 - q - 6. Let w be (-4)/(8/(-10))*-1. Give c(w).
-1
Let w(v) = -v**2 + 5*v - 1. Let a(z) = 0 - 4*z - z**3 - z**2 - 4*z**2 + 5. Let r be a(-4). Suppose -d = -r*s - 20, 4*s = -3*d + 2 + 1. Calculate w(d).
-1
Let w(h) be the first derivative of h**4/4 + 4*h**3/3 - 3*h**2 - 2*h + 9. Let f = -15 + 10. What is w(f)?
3
Let a(r) be the second derivative of -1/2*r**2 - 1/2*r**3 + 6*r + 0. Determine a(1).
-4
Let r(j) = -j**3 + j**2 + j - 6. Let d be (0 + (-1)/(-2))*2. Suppose -5*m - k + d = 3, -3*m = k + 2. Determine r(m).
-6
Let h(j) = 2*j - 2. Let m be h(2). Let u(x) = 8*x. Let w(b) = 0 + 4*b + 11*b - 1. Let z(r) = -5*u(r) + 3*w(r). Give z(m).
7
Let z(g) = 4*g**2 - 3*g + 1 + 0*g + 2*g + g**3. Determine z(-4).
5
Let m(s) = -2*s**2 - s + 1. Let v be m(-2). Let z(x) = -x + 14. Let k be z(5). Let w(o) = k*o**2 + 2 + 0*o**2 + 5*o - 2*o**3 - 3*o**2 + 3*o**3. Determine w(v).
2
Let v(g) be the third derivative of -g**5/12 + g**4/12 + g**3/6 + 14*g**2. Give v(2).
-15
Let s = -36 - -77. Suppose m = -2*p - 6, 5*m - 5*p = m + s. Let f(o) = o**3 - 3*o**2 - 5*o + 6. Let h be f(m). Let l(k) = k. Give l(h).
2
Let c = -7 - -10. Let w(b) = 0*b + 6*b - 6*b + c - b. Give w(-4).
7
Let y = 0 - -3. Let r(u) be the third derivative of u**2 + 0 - 1/24*u**4 + 0*u - u**y. Give r(0).
-6
Let u(h) = h**3 + 3*h**2 - 5*h + 1. Let n be u(-4). Let q(w) = w**2 - n - w**3 + 1 + w - 3*w**2. Let o = -17 + 14. Calculate q(o).
2
Let n(p) = -1. Let a(w) = -w**3 + w**2 - w + 14. Let g(l) = -l**2 + l + 1. Let i(y) = a(y) - 4*g(y). Let f(h) = -i(h) - 6*n(h). What is f(4)?
0
Let n(t) be the first derivative of 5/3*t**3 - 7 + 8*t - 7/2*t**2 + 1/4*t**4. Give n(-6).
14
Let q(s) = -6*s**2 + 38*s - 3. Let l be q(6). Let h(p) = -p + 7. What is h(l)?
-2
Let n(p) be the second derivative of 3*p**7/280 - p**4/24 - p**3/3 + 2*p. Let b(y) be the second derivative of n(y). What is b(1)?
8
Let b(v) = -v + 1. Let r(d) = d**2 - 7*d + 7. Let i(s) = 4*b(s) - r(s). Suppose 8 = 3*l + l. Let n be -2 + l + 0 - -3. Determine i(n).
-3
Let h(b) be the first derivative of -b**2/2 + 2*b + 1. Suppose 0 = -42*f + 46*f + 12. Determine h(f).
5
Let g(f) = 7*f**3 + 7*f**2 - 3*f + 8. Let k(n) = -4*n**3 - 4*n**2 + 2*n - 4. Let z(v) = -3*g(v) - 5*k(v). Give z(0).
-4
Let p(a) = 6*a + 5*a - 3*a. Let x(r) = r + 1. Let u(b) = -b**2 + 9*b + 6. Let c(j) = -u(j) + 5*x(j). Let w be c(4). Give p(w).
-8
Let x be (-1)/(-1)*(6 + -6). Let t(q) = q**2 + 1. What is t(x)?
1
Let t(s) = -3*s + 5. Let h = -29 - -53. Suppose h = -6*w + 3*w. Let g = -4 - w. Calculate t(g).
-7
Let t(p) = -p**2 - p + 4. Let n = 11 + -16. Calculate t(n).
-16
Let d be 14/10 + 3/5. Let z(s) = 0 + 0*s**d - 3*s**2 - 2 + 1. Determine z(-1).
-4
Suppose 3*i - 4*x = -7, -3*i = 2*i - 2*x + 7. Let q(v) = 6*v**2 - v. Give q(i).
7
Let y(b) = -2*b**2 + 9*b - 3. Let k = 7 + -1. Determine y(k).
-21
Let i(x) be the third derivative of x**6/120 - x**3/6 + 3*x**2. Let k(v) = -4*v**3 + 6*v**2 + v. Let g(o) = 3*i(o) + k(o). Give g(6).
3
Let b = 9 + -5. Suppose -2*j + 0 - b = 0. Let s be (-2 - (2 + j)) + -2. Let z(l) = -l**2 - 5*l + 1. What is z(s)?
5
Let a(r) be the third derivative of 0 - 1/2*r**3 - r**2 + 1/60*r**5 - 1/12*r**4 + 0*r. Let q be ((-3)/(-4)*1)/(99/528). Give a(q).
5
Let m = -8 + 14. Let u(k) = k**3 - m*k**2 + 6*k + 2 - 5*k + 4*k. What is u(5)?
2
Let b(f) be the second derivative of 1/60*f**5 + 3*f + 1/8*f**4 - 1/2*f**3 + 0 + f**2. Let u(g) be the first derivative of b(g). Calculate u(-4).
1
Let m = -3 - 0. Let g(o) = -1 + 4 - 3 + 4 - o. Determine g(m).
7
Suppose 3*s + 24 = 11*s. Let d(x) = 3*x - 6. Let v(g) = g - 2. Let b(k) = 2*d(k) - 7*v(k). Let z be b(s). Let p(j) = 5*j**2 - 1. Calculate p(z).
4
Suppose 4*z - 30 = -z. Suppose 0*d - z = -3*d. Let u(x) = -2*x**2 + x + 2. Calculate u(d).
-4
Suppose 4*w - 7 = -23. Let f = w + 7. Let o(l) be the second derivative of l**4/6 - 2*l**3/3 + l**2/2 + 18*l. What is o(f)?
7
Let k(c) = -c**2 + 3*c - 2. Suppose 8*r - 3*r - 80 = 0. Suppose -4*x - 3*i + 2*i = -r, x + 5*i = -15. Give k(x).
-12
Let h(a) = -a. Let j(n) be the second derivative of n**4/6 + 11*n**3/6 - 4*n**2 + 3*n. Let p be j(-6). Calculate h(p).
2
Let n be 5 + (3 - 0) + -3. Let s(o) = o**3 - 8*o**2 + 8*o - 5. Let z be s(7). Let q = z - n. Let i(m) = m + 5. Calculate i(q).
2
Let o(i) = -20*i - 17. Let h(u) = -7*u - 6. Let m(g) = 17*h(g) - 6*o(g). Let v(r) = 4*r + 1. Let s(q) = m(q) - v(q). Let n = -8 - -10. Give s(n).
-7
Let w(b) be the first derivative of -b**2 + b + 2. Let x(k) = -3*k**3 + 2*k**2 + 2*k + 1. Let f be x(-1). Determine w(f).
-7
Let t(o) = o**2 - 6*o + 7. Let c be t(5). Let x(b) = -c + 3 - 3*b + 4*b. Calculate x(5).
6
Let h(i) = i - 2. Let a(g) = -2*g - 2. Let c(w) = -3*w - 2. Let z(y) = -4*a(y) + 3*c(y). Let q(d) = 4*h(d) + 3*z(d). Suppose -2*u + 6 = -4. Give q(u).
3
Let n(g) = -3*g**3 + 15*g**2 + 9*g + 2. Let a(m) = 5*m**3 - 23*m**2 - 14*m - 3. Let d(z) = -5*a(z) - 8*n(z). Calculate d(-5).
9
Let u(n) = 12*n - 1. Suppose c + 10 = 3*c - 2*m, 2*c - 10 = m. Suppose -c*f + 1 = -4. Give u(f).
11
Let s(p) = -p**3 + 1. Let g be s(-1). Let k be (0 - g)/(2 + -3). Suppose -k*i - 9 = 1. Let f(c) = c**3 + 5*c**2 + 1. Calculate f(i).
1
Suppose 0*k = 5*k + 20. Let a = 0 + 4. Let d(f) = 1 - 2*f + 3*f**2 + a*f**2 + 4 - 8*f**2. Give d(k).
-3
Let b(k) = 5*k. Suppose -6 = 3*o - 36. Suppose r = -r + o. Suppose -5*a + 6 = 4*h - 0*h, -h = r*a - 9. Give b(h).
-5
Let m be (-20)/(-9) - (-4)/(-18). Suppose -2*o - 1 = -o, 0 = -m*d + o + 1. Let v(a) = -a - 3. Calculate v(d).
-3
Let c(g) = -6*g**2 - 9. Let y(d) = 5*d**2 - d + 8